t is the ten millions digit of 102514002?
0
What is the ten thousands digit of 2033913727?
1
What is the millions digit of 66558978?
6
What is the units digit of 34814613?
3
What is the ten thousands digit of 350042496?
4
What is the thousands digit of 124790790?
0
What is the hundred thousands digit of 551214155?
2
What is the thousands digit of 841146203?
6
What is the units digit of 125607594?
4
What is the hundred thousands digit of 314156106?
1
What is the ten thousands digit of 333401511?
0
What is the ten thousands digit of 186607033?
0
What is the ten millions digit of 219866845?
1
What is the hundreds digit of 3525026728?
7
What is the millions digit of 299737539?
9
What is the hundred thousands digit of 195383675?
3
What is the tens digit of 3457368590?
9
What is the tens digit of 309164594?
9
What is the thousands digit of 17456732?
6
What is the thousands digit of 1482101298?
1
What is the units digit of 515135689?
9
What is the units digit of 7232602409?
9
What is the tens digit of 4181102347?
4
What is the units digit of 474669749?
9
What is the hundred thousands digit of 146838172?
8
What is the millions digit of 326432732?
6
What is the ten thousands digit of 683494418?
9
What is the ten thousands digit of 1965598118?
9
What is the hundreds digit of 312707765?
7
What is the tens digit of 5245976573?
7
What is the ten millions digit of 598849656?
9
What is the hundred thousands digit of 1246511?
2
What is the ten thousands digit of 871638900?
3
What is the thousands digit of 482424201?
4
What is the ten millions digit of 1985779388?
8
What is the millions digit of 540625294?
0
What is the hundred thousands digit of 214188134?
1
What is the units digit of 88712624?
4
What is the hundreds digit of 120736616?
6
What is the tens digit of 3925464098?
9
What is the units digit of 119190764?
4
What is the tens digit of 421105086?
8
What is the thousands digit of 65191029?
1
What is the millions digit of 52468400?
2
What is the billions digit of 6988415467?
6
What is the hundred millions digit of 140747239?
1
What is the hundred millions digit of 1720287422?
7
What is the hundred millions digit of 956228662?
9
What is the units digit of 354244163?
3
What is the ten thousands digit of 360493395?
9
What is the thousands digit of 16446158?
6
What is the ten thousands digit of 259881083?
8
What is the units digit of 7021126?
6
What is the millions digit of 428930636?
8
What is the hundred thousands digit of 474500738?
5
What is the units digit of 8857761?
1
What is the hundred thousands digit of 17363692?
3
What is the hundred thousands digit of 638815257?
8
What is the tens digit of 89434008?
0
What is the hundred thousands digit of 8197392297?
3
What is the millions digit of 92839891?
2
What is the hundreds digit of 44114688?
6
What is the hundred thousands digit of 1597617979?
6
What is the millions digit of 53693678?
3
What is the ten millions digit of 45580733?
4
What is the ten millions digit of 216516690?
1
What is the ten millions digit of 1484783253?
8
What is the hundreds digit of 30780020?
0
What is the units digit of 5480773742?
2
What is the hundreds digit of 47287453?
4
What is the thousands digit of 22294212?
4
What is the ten thousands digit of 31670585?
7
What is the tens digit of 340716873?
7
What is the ten millions digit of 34570210?
3
What is the hundred millions digit of 279364254?
2
What is the billions digit of 1321824744?
1
What is the thousands digit of 25329157?
9
What is the thousands digit of 613255625?
5
What is the units digit of 20006089?
9
What is the thousands digit of 3071547?
1
What is the ten thousands digit of 493424426?
2
What is the ten thousands digit of 36791864?
9
What is the ten millions digit of 41611711?
4
What is the tens digit of 8202224?
2
What is the hundreds digit of 90249234?
2
What is the hundred thousands digit of 2470104767?
1
What is the hundred thousands digit of 495017441?
0
What is the hundred thousands digit of 1332149942?
1
What is the hundred thousands digit of 11411387?
4
What is the ten millions digit of 230338400?
3
What is the units digit of 31427499?
9
What is the hundred thousands digit of 15958583?
9
What is the ten millions digit of 75241682?
7
What is the millions digit of 54133560?
4
What is the tens digit of 2804698262?
6
What is the millions digit of 58429682?
8
What is the tens digit of 2486521502?
0
What is the tens digit of 286817460?
6
What is the hundred millions digit of 1074011835?
0
What is the units digit of 54033418?
8
What is the hundred millions digit of 154833713?
1
What is the hundred millions digit of 876250312?
8
What is the thousands digit of 5536985631?
5
What is the ten thousands digit of 1887960623?
6
What is the hundreds digit of 52097061?
0
What is the ten millions digit of 59521083?
5
What is the units digit of 3442253811?
1
What is the hundreds digit of 364533244?
2
What is the tens digit of 16149732?
3
What is the ten thousands digit of 137258897?
5
What is the tens digit of 2590613223?
2
What is the hundreds digit of 4803033430?
4
What is the ten thousands digit of 46424905?
2
What is the hundreds digit of 133012211?
2
What is the ten thousands digit of 1530985677?
8
What is the ten thousands digit of 19822212?
2
What is the thousands digit of 51643998?
3
What is the millions digit of 438237312?
8
What is the hundred millions digit of 394889551?
3
What is the tens digit of 7765872?
7
What is the ten thousands digit of 8483444052?
4
What is the thousands digit of 103402560?
2
What is the hundreds digit of 2534065290?
2
What is the hundreds digit of 60929529?
5
What is the hundred thousands digit of 888976080?
9
What is the hundred thousands digit of 1065947669?
9
What is the tens digit of 92648888?
8
What is the ten thousands digit of 147021330?
2
What is the tens digit of 255538375?
7
What is the thousands digit of 127650111?
0
What is the hundreds digit of 62594158?
1
What is the hundred thousands digit of 597245681?
2
What is the tens digit of 3353348565?
6
What is the ten thousands digit of 221045278?
4
What is the thousands digit of 633669333?
9
What is the ten thousands digit of 426754279?
5
What is the hundreds digit of 243222094?
0
What is the hundred thousands digit of 281622942?
6
What is the hundred thousands digit of 8559181?
5
What is the hundred millions digit of 1809482812?
8
What is the hundreds digit of 60611094?
0
What is the hundreds digit of 331387732?
7
What is the ten millions digit of 645197475?
4
What is the tens digit of 3205407476?
7
What is the hundreds digit of 14467322?
3
What is the ten thousands digit of 19505598?
0
What is the ten millions digit of 651395516?
5
What is the hundreds digit of 86265118?
1
What is the thousands digit of 57649483?
9
What is the ten millions digit of 64421922?
6
What is the tens digit of 71755485?
8
What is the ten thousands digit of 1518025710?
2
What is the units digit of 2831188997?
7
What is the ten millions digit of 19584823?
1
What is the millions digit of 148363681?
8
What is the millions digit of 2306991?
2
What is the millions digit of 1180324?
1
What is the thousands digit of 183654082?
4
What is the hundred thousands digit of 9604319?
6
What is the hundreds digit of 154191928?
9
What is the ten thousands digit of 110974957?
7
What is the units digit of 238061699?
9
What is the millions digit of 40556362?
0
What is the units digit of 3505696841?
1
What is the tens digit of 93581087?
8
What is the thousands digit of 53000091?
0
What is the hundred thousands digit of 10284684?
2
What is the hundreds digit of 1198781025?
0
What is the hundred millions digit of 2889938129?
8
What is the ten thousands digit of 40778340?
7
What is the millions digit of 1585554921?
5
What is the tens digit of 2539671311?
1
What is the tens digit of 5713154271?
7
What is the millions digit of 576976735?
6
What is the thousands digit of 9106003?
6
What is the ten millions digit of 125905681?
2
What is the units digit of 21041817?
7
What is the thousands digit of 867304565?
4
What is the units digit of 368149106?
6
What is the thousands digit of 570324513?
4
What is the hundreds digit of 3306364928?
9
What is the ten millions digit of 236208449?
3
What is the billions digit of 1045887749?
1
What 